 j(x) = x**2 - 2*x + 4. What is the units digit of j(b)?
7
Let c = 2 + -6. What is the units digit of (c/6)/(8/(-12))?
1
Suppose -24 = -r - 3*r. Let i(y) = y**3 - y**2 - 1. Let z be i(0). Let m = z + r. What is the units digit of m?
5
What is the tens digit of 35 + 3*(-3 + 4)?
3
Let k be (24/(-20))/(2/(-5)). Suppose -23 = k*h - 101. What is the units digit of h?
6
Let f be (-16)/120 - (-32)/15. Suppose 0*u - 80 = -f*u - 5*z, 0 = u - 4*z - 27. What is the tens digit of u?
3
Suppose 3*x + o - 24 = 0, -4*x + 0 = 5*o - 21. Suppose -2*v = l + x, 0 = 2*l - 2*v + 7*v + 23. What is the units digit of l/(-2) + (-13)/(-2)?
6
Suppose 5*b - f = 2*f - 125, 5*f = -2*b - 19. What is the units digit of (-3)/(-9) + b/(-6)?
4
Let z(c) = -c**2 - 3*c + 3. Let v(a) = 4*a**2 + 10*a - 10. Let u(l) = 6*v(l) + 20*z(l). Let t be u(1). What is the units digit of 0 + 0 + t + 0?
4
Let f(q) = q + q - 2 - 6*q. Let c = 6 + -8. What is the units digit of f(c)?
6
Suppose 0 = -k + 3*k - 2. Let h = k - -5. What is the units digit of h?
6
Suppose -23 = -4*g + 169. Let d = g + -11. What is the tens digit of d?
3
Let m(y) = y**3 - 5*y**2 + 4*y - 1. Let h be m(5). Let d = -8 + h. What is the tens digit of d?
1
Let k(u) = -u**3 + 6*u**2 - u + 7. What is the tens digit of k(3)?
3
Suppose -2*f + 1 = -5. Suppose -4*n + 47 = 4*q - 9*n, -f*q + 59 = n. What is the units digit of q?
8
Let h(p) = 21*p**2 - p + 1. Let n(k) = 5*k**2. Let x(l) = -2*h(l) + 9*n(l). What is the units digit of x(2)?
4
Let f(d) be the third derivative of 1/120*d**6 + 1/8*d**4 + 1/6*d**3 + 0*d + 0 - 2*d**2 - 1/20*d**5. What is the units digit of f(3)?
0
Let h = 96 - 21. What is the tens digit of h?
7
Let w = 29 + -14. Let n be (0 - -1)/(1*-1). What is the units digit of n/((-6)/w)*2?
5
Let b(d) = -d**2 + 3*d + 5. Let z be b(5). Let q(w) = -3*w + 7. What is the tens digit of q(z)?
2
Let y(b) = -13*b - 3. What is the tens digit of y(-4)?
4
Let s(m) = -m + 11. Let z be s(8). Suppose -2*a = -3*f + 24, z*f = -3*a + 7*f - 35. Let r = a - -16. What is the units digit of r?
7
Let b(w) = -4*w. Let t(j) = j**2 - 6*j + 5. Let p be t(4). What is the units digit of b(p)?
2
Suppose 5*c = -201 + 486. What is the units digit of c?
7
Let f(s) = 3*s**2 - 2*s + 20. What is the tens digit of f(-6)?
4
Suppose -2*t + 22 = 4*w, 2*t - 27 = -t - 3*w. Suppose 5*p = -4*g - t, -13 = -p + 3*p + 5*g. What is the units digit of p?
1
Let i = -16 - -74. What is the units digit of i?
8
What is the tens digit of (-12)/(-10)*(-455)/(-13)?
4
Suppose -5*i = 4*x - 906, -4*x + 431 = -5*i - 495. What is the tens digit of x?
2
What is the tens digit of (-119)/14*-1*2?
1
Let i = -6 - -11. Suppose -20 = o - i*o. Suppose -o*j + 4*j = -10. What is the tens digit of j?
1
Let t(s) = -s**2 - 11*s - 4. Let l = 21 + -31. What is the units digit of t(l)?
6
Suppose -6*y + 3*y + 3*w = -6, 0 = 3*y + 5*w + 26. Let z = y + 2. Let o = 19 - z. What is the units digit of o?
9
What is the units digit of ((2/(-2))/(-1))/1?
1
Let u be (-26)/8 - (-3)/12. Let p be u/(-1 + 1/4). Suppose -4*f + 6*f - 20 = p*t, 5*f - t = 59. What is the tens digit of f?
1
Let n(b) = -5*b - 1. Let z(k) = 11*k - 11. Let l(y) = -5*y + 5. Let m(q) = 9*l(q) + 4*z(q). Let v(c) = -2*m(c) + n(c). What is the units digit of v(-2)?
3
Let d(g) = g**2 - 2*g + 1. Let b be 4/(-6) - 11/(-3). Let y be d(b). Let o = -2 + y. What is the units digit of o?
2
Suppose -255 = -3*n + 5*y, -60 - 195 = -3*n + 2*y. Suppose 3*b - n = -1. Suppose -2*d - 4*g = -b, d - 4*g - 9 = -g. What is the tens digit of d?
1
Let z(l) = -2*l**2 + 9*l - 1. Let a(x) = -x**2 - 1. Let b(y) = 3*a(y) - z(y). Let t be b(-8). What is the units digit of 56/t + (-5)/15?
9
Let h = 24 - 15. Let w = h - 2. What is the units digit of w?
7
Let i = 80 + -44. Let d = 0 + i. Suppose 3*j - d = -j. What is the units digit of j?
9
Let c(k) be the second derivative of -7*k**3/3 + k**2/2 + k. What is the units digit of c(-1)?
5
Let u be (-3)/12 + (-201)/(-4). What is the units digit of u/18 + (-10)/(-45)?
3
Suppose 0 = 3*i + 2*i - 105. What is the units digit of i?
1
Let l(w) = w - 1. Let u be l(5). Suppose u*d - 32 = -0. What is the units digit of d?
8
Suppose x - 225 = -2*x. Suppose 0*p = -5*a - 3*p + x, 2*a - 2*p - 14 = 0. What is the units digit of a?
2
Suppose -2*u + 28 - 12 = 0. What is the units digit of u?
8
Suppose 14 = -3*g + 4*r, 3*r + 8 = 3*g + 17. Suppose g*z + 21 = 3*z. What is the tens digit of z?
2
Let c = -32 + 53. What is the units digit of c?
1
Suppose 5*w + 11 = 3*h - 315, -498 = -5*h - 3*w. Suppose -3*j + h - 12 = 0. What is the tens digit of j?
3
Let c(f) = f**3 - 4*f**2 + 4*f - 1. What is the units digit of c(3)?
2
Suppose 4*s = 2*s + 2. Suppose 0*p = p - s. What is the units digit of 2 - ((-5 - 2) + p)?
8
Let i = -92 + 370. What is the hundreds digit of i?
2
Let c(v) = -v**2 - 12*v - 9. Let g be c(-11). Suppose 0 = 2*u - 10, 4*y = g*y - 3*u + 59. What is the units digit of y?
2
Let g(u) = -3*u + 3*u + u + 0*u. Let i(t) = t**2 - 7*t + 3. Let s be i(7). What is the units digit of g(s)?
3
Let t = 0 + 0. What is the tens digit of t - (1 - -2) - -26?
2
Suppose 3*a - 45 = -p, a - 3*a = -p + 65. What is the tens digit of p?
5
Suppose i - 2*n + 0*n = 13, 2*i + 4*n = -14. Let r be 4/2 + 2/2. Suppose -i*p + r = -15. What is the units digit of p?
6
Suppose 0 = 2*x + 2 - 0. Let k be 4/x + -1 + -1. What is the units digit of 3/12 + k/(-8)?
1
Suppose -109 - 131 = -4*g. Suppose 0 = 5*z, 4*z - g = -4*r + z. What is the units digit of r?
5
Let b(x) be the third derivative of -5*x**4/24 - x**3/6 + x**2. What is the units digit of b(-2)?
9
Let h(g) = -g**3 + 4*g**2 + 5. Let w be h(4). Let l(y) = -y + 7. Let t be l(w). Suppose -c = -4*s + 54, t*s + c = 3 + 21. What is the units digit of s?
3
Suppose -6*o + 12 = -4*o. What is the units digit of ((-4)/(-6))/(o/9)?
1
What is the hundreds digit of (143 - (-2 + -1)) + -1?
1
Suppose -4*p + 3*y = -5*p + 18, 3*y + 30 = 3*p. Suppose 0*d - 4*d + p = 0. What is the units digit of d?
3
Suppose 0*k + 288 = 5*p + 2*k, 3*p - 172 = -k. Let q = p + -40. What is the units digit of q?
6
Let p(m) = 5*m**2. Let k(n) = -n**2 + 5*n - 4. Let h be k(3). Suppose x + 2 = 5*a, -a - h*x = 2*a - 9. What is the units digit of p(a)?
5
What is the tens digit of (-1 + -2)*6/9 + 74?
7
Let h = -10 - -7. Let b(s) = 14*s - 5. Let l(k) = -5*k + 2. Let a(u) = h*b(u) - 8*l(u). What is the units digit of a(-4)?
7
Suppose -2*c - 6 = -22. Let k be (5/10)/(2/c). Suppose 0 = -2*r + 2 + k. What is the units digit of r?
2
Let p(t) = t**2 + 4*t + 3. Let d be p(-2). Let m = 7 - d. What is the units digit of m?
8
Suppose 0 = -5*b + 2*b. Suppose b = 4*v - 0*w - 3*w + 2, 5*v = -5*w + 15. Suppose -r + v = 2*a - 0*a, 15 = 3*r + 3*a. What is the units digit of r?
9
What is the units digit of 4 + 0 - 0/16?
4
What is the tens digit of 267 - 2 - 10/(-5)?
6
Suppose -2*r - 40 = -7*r. Let f = -2 + r. Let n = f + 9. What is the units digit of n?
5
Suppose -5*h - 260 = 40. Let p = 108 + h. What is the tens digit of p?
4
Let a(i) = -4*i + 2. Let m be a(-4). Suppose 3*o = -w - 7 - 3, -w + 4*o = -m. Suppose -2*y = -h + w, -2*y + y + h = 3. What is the units digit of y?
1
Let d(a) be the third derivative of 0*a + 0 + 4/3*a**3 - 3*a**2 - 1/60*a**5 - 5/24*a**4. What is the units digit of d(-6)?
2
Let d(x) = x**3 - 7*x**2 + 6*x + 3. Let t be d(6). Suppose t*p = 5*p - 2. What is the units digit of p?
1
Let i be (-4)/10 + (-24)/15. Suppose 5*t = z + 5 + 17, 5*t - 5*z = 10. Let v = i + t. What is the units digit of v?
3
Let l = 76 + -41. What is the tens digit of l?
3
Let n = -49 + 51. What is the units digit of n?
2
Let t = 6 + -9. Let y be 3/(-4 - -3) - t. Suppose 0 = 4*x - 3*q - 15, y = -2*x + 4*q - 0*q + 10. What is the units digit of x?
3
Let q(o) = o**3 - o + 124. What is the units digit of q(0)?
4
Let t(j) = j + 4. Let y be t(0). Suppose -r + 0*r - 3*b + 29 = 0, 3*b - 89 = -y*r. What is the tens digit of r?
2
Let a(h) = -7 - 8*h + 0 - 6 - 2. What is the units digit of a(-6)?
3
Let i = 7 + -4. Let a be (2 - i) + 2 - -3. Suppose -3*t - 5 = d - 32, -5*t = a*d - 45. What is the units digit of t?
9
Let i(z) = -z**2 + 5*z - 2. Let u be i(3). Suppose c - 2*c - 20 = -u*k, -c - k = -5. Let v = 11 + c. What is the units digit of v?
1
Suppose -70 = -v - 4*v. Suppose o = v + 19. Suppo